7 composite?
True
Is 66592139 prime?
True
Is 11386055 a composite number?
True
Is 3474335 prime?
False
Is 7695197 a prime number?
True
Is 1245261 a composite number?
True
Is 37969229 a composite number?
False
Is 404802103 prime?
False
Is 1373959 a composite number?
False
Is 131322667 a composite number?
True
Is 42811547 a composite number?
True
Is 28088729 composite?
False
Is 11865439 a prime number?
False
Is 226715261 composite?
False
Is 473602697 prime?
True
Is 63378941 a composite number?
True
Is 6704185 prime?
False
Is 3406703 a prime number?
True
Is 47150863 a composite number?
False
Is 44071 a prime number?
True
Is 665669 composite?
True
Is 276851 a prime number?
False
Is 161278291 a prime number?
False
Is 164113769 composite?
False
Is 132463691 a prime number?
True
Is 9242489 composite?
True
Is 27720983 a composite number?
False
Is 327790933 a prime number?
False
Is 6006941 prime?
True
Is 3685973 a composite number?
False
Is 916843 composite?
True
Is 413467801 a prime number?
False
Is 29441387 a prime number?
True
Is 3594194 prime?
False
Is 103151031 a prime number?
False
Is 5131313 a composite number?
True
Is 22410239 prime?
True
Is 1964891 a prime number?
False
Is 19211939 a prime number?
True
Is 273024779 a composite number?
True
Is 589349 a composite number?
False
Is 10212463 a prime number?
True
Is 39677699 a composite number?
False
Is 25759507 a composite number?
True
Is 28429273 a composite number?
False
Is 18474833 a composite number?
True
Is 59348047 a composite number?
True
Is 20622817 a prime number?
False
Is 1309751 a prime number?
False
Is 4192157 composite?
False
Is 60535711 composite?
True
Is 48992269 a composite number?
True
Is 554942953 composite?
False
Is 1407569 prime?
True
Is 81291713 a composite number?
False
Is 184942843 a prime number?
True
Is 29386061 composite?
False
Is 26227297 a composite number?
False
Is 8207327 prime?
True
Is 91313203 a prime number?
True
Is 16118359 prime?
True
Is 3847199 composite?
True
Is 8356567 a composite number?
True
Is 2290817 composite?
False
Is 186590869 prime?
False
Is 3094607 a composite number?
False
Is 126563494 composite?
True
Is 912945887 a prime number?
False
Is 612923 a composite number?
False
Is 28727459 a prime number?
True
Is 37729039 a prime number?
False
Is 3292307 prime?
False
Is 19774739 a composite number?
False
Is 47668541 composite?
True
Is 7176317 a composite number?
False
Is 1259413 prime?
True
Is 968417831 a prime number?
False
Is 4997887 composite?
False
Is 36178279 prime?
False
Is 14485351 a prime number?
True
Is 4100879 a prime number?
True
Is 54837877 a composite number?
True
Is 359215 prime?
False
Is 533879 prime?
True
Is 108203897 a prime number?
True
Is 19945 composite?
True
Is 38769865 a prime number?
False
Is 6737231 a prime number?
True
Is 249191963 composite?
False
Is 43548311 a composite number?
True
Is 1502960335 composite?
True
Is 16318279 composite?
True
Is 352539685 composite?
True
Is 13709695 a composite number?
True
Is 1164029 prime?
True
Is 984373 composite?
True
Is 236000419 a prime number?
True
Is 153735347 a composite number?
False
Is 58641173 prime?
False
Is 23642453 a prime number?
False
Is 4511971 composite?
False
Is 2535985 composite?
True
Is 5297233 a prime number?
True
Is 227657 a prime number?
False
Is 52875401 a prime number?
True
Is 381679 composite?
True
Is 13381217 composite?
False
Is 48972117 a prime number?
False
Is 145811189 prime?
True
Is 13375693 a prime number?
True
Is 5702 composite?
True
Is 390787 composite?
True
Is 8685307 composite?
True
Is 27110261 prime?
False
Is 96520841 a composite number?
False
Is 283524667 a composite number?
True
Is 42196499 prime?
False
Is 3664409 composite?
True
Is 390046 prime?
False
Is 221927683 prime?
True
Is 6788641 prime?
False
Is 7269181 prime?
True
Is 1618183 composite?
True
Is 28167661 prime?
True
Is 653507381 a prime number?
False
Is 1228979 prime?
False
Is 2053357 prime?
True
Is 3788747 prime?
True
Is 855697 prime?
True
Is 10242679 a prime number?
False
Is 4832347 prime?
False
Is 208567 a composite number?
True
Is 58741121 a composite number?
False
Is 14433359 a composite number?
False
Is 1523777 composite?
True
Is 60889 a composite number?
False
Is 8105947 prime?
False
Is 73653379 a prime number?
True
Is 2657063 composite?
True
Is 402332815 prime?
False
Is 357366143 prime?
True
Is 831605029 a composite number?
False
Is 1900397 composite?
False
Is 2068487 prime?
True
Is 915881 prime?
True
Is 1414883 a composite number?
True
Is 12504391 a composite number?
False
Is 223985173 a composite number?
True
Is 499805 prime?
False
Is 1156151 a prime number?
True
Is 13972403 a composite number?
True
Is 2170949 a composite number?
True
Is 85979 a composite number?
True
Is 278027 prime?
False
Is 800866765 a prime number?
False
Is 428563 a prime number?
True
Is 4998731 a prime number?
False
Is 34692989 composite?
False
Is 49588057 a prime number?
False
Is 1302689 prime?
True
Is 98325287 composite?
False
Is 7097341 composite?
False
Is 67333529 a composite number?
False
Is 358217 composite?
True
Is 8380469 a prime number?
True
Is 2242517 prime?
True
Is 1623 composite?
True
Is 40292423 a composite number?
True
Is 2298691 prime?
True
Is 3225181 a composite number?
False
Is 17405737 composite?
True
Is 30988201 prime?
False
Is 6896371 composite?
False
Is 40937149 prime?
False
Is 15347413 a composite number?
True
Is 1660987 prime?
False
Is 231011 a prime number?
False
Is 184462523 a prime number?
False
Is 13270357 composite?
True
Is 34562039 prime?
True
Is 903373 a composite number?
True
Is 1102013 composite?
True
Is 2832329 a prime number?
True
Is 4397089 composite?
True
Is 241219 a composite number?
True
Is 78229 prime?
True
Is 62761 composite?
False
Is 3752351 a prime number?
True
Is 102020867 prime?
False
Is 56807821 a composite number?
True
Is 2198779 composite?
True
Is 26855863 a composite number?
False
Is 155828227 a composite number?
True
Is 27438757 prime?
True
Is 24995161 a composite number?
False
Is 27116729 a composite number?
False
Is 1103827103 a prime number?
True
Is 29792089 a composite number?
True
Is 145230454 a prime number?
False
Is 724187 a composite number?
False
Is 12170167 a composite number?
False
Is 137694787 composite?
False
Is 4394129 composite?
True
Is 881471 a prime number?
True
Is 494453819 a composite number?
False
Is 26233043 a prime number?
True
Is 877739 a composite number?
False
Is 36883163 a composite number?
True
Is 47427767 a composite number?
False
Is 112459 a prime number?
True
Is 15033649 a prime number?
True
Is 24590933 a prime number?
False
Is 10464511 composite?
True
Is 246391 composite?
False
Is 62107271 prime?
False
Is 124224091 composite?
False
Is 11100913 a composite number?
False
Is 47161 prime?
True
Is 2467631 composite?
True
Is 4192667 prime?
True
Is 27165482 a prime number?
False
Is 6181793 composite?
True
Is 170669 composite?
False
Is 6169591 composite?
False
Is 3510337 composite?
True
Is 14277565 prime?
False
Is 54709 a composite number?
False
Is 1481723 prime?
False
Is 2592055 prime?
False
Is 781853 composite?
False
Is 34351523 prime?
True
Is 8866139 composite?
False
Is 4051261 prime?
True
Is 64835465 a composite number?
True
Is 58355201 a composite number?
False
Is 97206281 a prime number?
False
Is 241354741 composite?
True
Is 26271277 a composite number?
True
Is 81413317 a composite number?
True
Is 4717697 a composite number?
True
Is 2967209 a composite number?
True
Is 73218947 a composite number?
False
Is 603673 composite?
True
Is 15545513 a prime number?
False
Is 27435557 composite?
False
Is 57054667 a prime number?
False
Is 5978449 a prime number?
True
Is 8867843 prime?
True
Is 21751747 a prime number?
False
Is 7879853 composite?
True
Is 4961413 composite?
True
Is 8749787 a composite number?
False
Is 210236129 a composite number?
False
Is 1358791193 prime?
True
Is 4342657 a prime number?
False
Is 102471823 prime?
True
Is 4247405 composite?
True
Is 87342703 composite?
True
Is 69163043 prime?
True
Is 3901589 a prime number?
True
Is 30755533 prime?
False
Is 14304571 a composite number?
False
Is 67438927 prime?
False
Is 127253681 prime?
False
Is 21152171 a composite number?
True
Is 32826107 composite?
True
Is 27099847 prime?
False
Is 1376719 a